
Calculate the remainder when 228209 is divided by 222.
215
What is the remainder when 5479 is divided by 1422?
1213
What is the remainder when 421075 is divided by 97?
95
Calculate the remainder when 192417 is divided by 215.
207
Calculate the remainder when 181153 is divided by 654.
649
Calculate the remainder when 5219 is divided by 27.
8
What is the remainder when 488505 is divided by 120?
105
What is the remainder when 28046 is divided by 5605?
21
What is the remainder when 149590 is divided by 36?
10
What is the remainder when 18964 is divided by 6320?
4
What is the remainder when 1295 is divided by 404?
83
Calculate the remainder when 3251 is divided by 15.
11
What is the remainder when 2898 is divided by 865?
303
Calculate the remainder when 6110039 is divided by 23.
20
What is the remainder when 5452 is divided by 34?
12
Calculate the remainder when 16439 is divided by 25.
14
Calculate the remainder when 8012 is divided by 445.
2
Calculate the remainder when 8024 is divided by 2670.
14
What is the remainder when 48673 is divided by 572?
53
Calculate the remainder when 497 is divided by 81.
11
Calculate the remainder when 527 is divided by 88.
87
What is the remainder when 227534 is divided by 113764?
6
What is the remainder when 16735 is divided by 5577?
4
Calculate the remainder when 35245 is divided by 608.
589
What is the remainder when 49504 is divided by 765?
544
Calculate the remainder when 4602778 is divided by 910.
908
Calculate the remainder when 810 is divided by 267.
9
Calculate the remainder when 162444 is divided by 54090.
174
What is the remainder when 69414 is divided by 1310?
1294
Calculate the remainder when 399788 is divided by 24.
20
Calculate the remainder when 6917 is divided by 99.
86
What is the remainder when 4412 is divided by 1013?
360
Calculate the remainder when 42607 is divided by 617.
34
What is the remainder when 2276 is divided by 1135?
6
Calculate the remainder when 18800 is divided by 71.
56
Calculate the remainder when 9492 is divided by 949.
2
What is the remainder when 114484 is divided by 796?
656
Calculate the remainder when 43229 is divided by 7202.
17
What is the remainder when 17548 is divided by 293?
261
What is the remainder when 1712 is divided by 845?
22
What is the remainder when 1888588 is divided by 177?
175
Calculate the remainder when 2483 is divided by 224.
19
Calculate the remainder when 108979 is divided by 275.
79
What is the remainder when 134627 is divided by 118?
107
Calculate the remainder when 1398 is divided by 461.
15
What is the remainder when 2073 is divided by 1964?
109
Calculate the remainder when 1188127 is divided by 17.
14
What is the remainder when 59244 is divided by 16?
12
Calculate the remainder when 244318 is divided by 41.
40
What is the remainder when 659 is divided by 439?
220
What is the remainder when 81292 is divided by 1450?
92
What is the remainder when 18348 is divided by 118?
58
What is the remainder when 3101999 is divided by 440?
439
Calculate the remainder when 384 is divided by 304.
80
What is the remainder when 133143 is divided by 11?
10
Calculate the remainder when 111969 is divided by 31.
28
Calculate the remainder when 17099 is divided by 731.
286
What is the remainder when 1046 is divided by 1023?
23
Calculate the remainder when 54756 is divided by 13681.
32
What is the remainder when 3810 is divided by 289?
53
What is the remainder when 1199 is divided by 1190?
9
Calculate the remainder when 5374 is divided by 1002.
364
Calculate the remainder when 4315 is divided by 231.
157
Calculate the remainder when 35939 is divided by 66.
35
Calculate the remainder when 131757 is divided by 32885.
217
Calculate the remainder when 59819 is divided by 76.
7
What is the remainder when 215611 is divided by 1356?
7
What is the remainder when 186764 is divided by 36?
32
What is the remainder when 10162 is divided by 443?
416
Calculate the remainder when 3124 is divided by 444.
16
What is the remainder when 6514 is divided by 103?
25
What is the remainder when 40149 is divided by 64?
21
What is the remainder when 23289 is divided by 1194?
603
What is the remainder when 19543 is divided by 78?
43
Calculate the remainder when 34303 is divided by 762.
13
Calculate the remainder when 590 is divided by 50.
40
Calculate the remainder when 1562 is divided by 512.
26
What is the remainder when 673027 is divided by 629?
626
What is the remainder when 2336176 is divided by 154?
150
Calculate the remainder when 586186 is divided by 19.
17
Calculate the remainder when 82238 is divided by 18.
14
Calculate the remainder when 10344 is divided by 20.
4
What is the remainder when 149561 is divided by 76?
69
What is the remainder when 131542 is divided by 162?
160
What is the remainder when 13027 is divided by 165?
157
Calculate the remainder when 639 is divided by 252.
135
What is the remainder when 51550 is divided by 32?
30
What is the remainder when 33930 is divided by 606?
600
Calculate the remainder when 12498 is divided by 12481.
17
What is the remainder when 27818 is divided by 13905?
8
Calculate the remainder when 996 is divided by 327.
15
Calculate the remainder when 119612 is divided by 17.
0
Calculate the remainder when 177348 is divided by 23.
18
Calculate the remainder when 182 is divided by 100.
82
Calculate the remainder when 7072 is divided by 705.
22
What is the remainder when 1522 is divided by 547?
428
What is the remainder when 4114 is divided by 5?
4
What is the remainder when 23625 is divided by 266?
217
What is the remainder when 236488 is divided by 739?
8
Calculate the remainder when 778019 is divided by 14.
11
What is the remainder when 72302 is divided by 206?
202
Calculate the remainder when 1701 is divided by 94.
9
What is the remainder when 8982 is divided by 25?
7
What is the remainder when 564 is divided by 502?
62
Calculate the remainder when 21064 is divided by 297.
274
Calculate the remainder when 36623 is divided by 916.
899
What is the remainder when 138328 is divided by 324?
304
Calculate the remainder when 378865 is divided by 189425.
15
Calculate the remainder when 1912 is divided by 1201.
711
What is the remainder when 5981418 is divided by 370?
368
Calculate the remainder when 5776 is divided by 1352.
368
Calculate the remainder when 9341 is divided by 111.
17
What is the remainder when 1310732 is divided by 12?
8
Calculate the remainder when 1824 is divided by 91.
4
What is the remainder when 131008 is divided by 213?
13
What is the remainder when 23922 is divided by 5964?
66
Calculate the remainder when 52444 is divided by 18.
10
What is the remainder when 44582 is divided by 53?
9
What is the remainder when 94156 is divided by 6?
4
What is the remainder when 35227 is divided by 766?
757
Calculate the remainder when 54838 is divided by 6847.
62
Calculate the remainder when 12743 is divided by 439.
12
Calculate the remainder when 159058 is divided by 723.
721
Calculate the remainder when 65717 is divided by 19.
15
What is the remainder when 2084 is divided by 192?
164
Calculate the remainder when 2344 is divided by 291.
16
Calculate the remainder when 8793 is divided by 191.
7
Calculate the remainder when 2424704 is divided by 78.
74
Calculate the remainder when 4345 is divided by 196.
33
What is the remainder when 177446 is divided by 558?
2
Calculate the remainder when 35906 is divided by 35.
31
Calculate the remainder when 4812 is divided by 208.
28
What is the remainder when 50519 is divided by 15?
14
What is the remainder when 9037 is divided by 23?
21
What is the remainder when 29233 is divided by 78?
61
Calculate the remainder when 4171 is divided by 518.
27
Calculate the remainder when 269460 is divided by 124.
8
What is the remainder when 248 is divided by 66?
50
What is the remainder when 16539 is divided by 534?
519
What is the remainder when 8552 is divided by 10?
2
Calculate the remainder when 83947 is divided by 27969.
40
Calculate the remainder when 1568 is divided by 1434.
134
Calculate the remainder when 14286 is divided by 264.
30
Calculate the remainder when 4145 is divided by 80.
65
What is the remainder when 7684 is divided by 12?
4
Calculate the remainder when 8821 is divided by 196.
1
What is the remainder